{"id":81,"date":"2020-11-01T18:42:19","date_gmt":"2020-11-01T17:42:19","guid":{"rendered":"http:\/\/villalesfeuillantines.com\/?page_id=81"},"modified":"2025-11-23T11:16:21","modified_gmt":"2025-11-23T10:16:21","slug":"la-villa","status":"publish","type":"page","link":"https:\/\/villalesfeuillantines.com\/","title":{"rendered":""},"content":{"rendered":"\n<div class=\"wp-block-columns is-layout-flex wp-container-core-columns-is-layout-9d6595d7 wp-block-columns-is-layout-flex\">\n<div class=\"wp-block-column is-layout-flow wp-block-column-is-layout-flow\">\n<div class=\"wp-block-columns is-layout-flex wp-container-core-columns-is-layout-9d6595d7 wp-block-columns-is-layout-flex\">\n<div class=\"wp-block-column is-layout-flow wp-block-column-is-layout-flow\"><\/div>\n\n\n\n<div class=\"wp-block-column is-layout-flow wp-block-column-is-layout-flow\"><\/div>\n<\/div>\n<\/div>\n\n\n\n<div class=\"wp-block-column is-layout-flow wp-block-column-is-layout-flow\">\n<div class=\"wp-block-columns is-layout-flex wp-container-core-columns-is-layout-9d6595d7 wp-block-columns-is-layout-flex\">\n<div class=\"wp-block-column is-layout-flow wp-block-column-is-layout-flow\"><\/div>\n\n\n\n<div class=\"wp-block-column is-layout-flow wp-block-column-is-layout-flow\"><\/div>\n<\/div>\n<\/div>\n<\/div>\n\n\n\n<h1 class=\"wp-block-heading\"><strong>Rez de villa, piscine priv\u00e9e chauff\u00e9e et spa<\/strong><\/h1>\n\n\n\n<p class=\"has-text-align-left\"><strong>Venez d\u00e9couvrir les paysages extraordinaires du sud en passant vos vacances \u00e0 la villa les Feuillantines.<br>Les Feuillantines c&rsquo;est:<\/strong><\/p>\n\n\n\n<p><strong>Une vue magnifique pour ce rez-de-villa totalement ind\u00e9pendant enti\u00e8rement d\u00e9cor\u00e9 avec go\u00fbt. Piscine privative 9 x 4 m chauff\u00e9e et jacuzzi uniquement pour vous.<\/strong><\/p>\n\n\n\n<ul class=\"wp-block-list\">\n<li><strong>Un rez de villa de plain-pied de 100m\u00b2  qui peut accueillir jusqu&rsquo;\u00e0 6 personnes.<\/strong><\/li>\n\n\n\n<li><strong>Piscine 9&#215;4 chauff\u00e9e du 1er avril au 31 octobre<\/strong><\/li>\n\n\n\n<li><strong>Jacuzzi  id\u00e9al pour admirer le coucher du soleil<\/strong><\/li>\n\n\n\n<li><strong>Pergola bioclimatique<\/strong><\/li>\n\n\n\n<li><strong>Une chambre avec un lit double (160&#215;190)<\/strong><\/li>\n\n\n\n<li><strong>Une chambre avec deux lits simples (90&#215;190)<\/strong><\/li>\n\n\n\n<li><strong>Un salon, salle \u00e0 manger avec un canap\u00e9 convertible en couchage deux personnes (140&#215;190), TV<\/strong><\/li>\n\n\n\n<li><strong>Une cuisine ind\u00e9pendante, enti\u00e8rement \u00e9quip\u00e9e:<br>four, micro ondes, lave vaisselle, frigo, plaque vitro-c\u00e9ramique.<\/strong><\/li>\n\n\n\n<li><strong>Salle de douche, lave linge<\/strong><\/li>\n\n\n\n<li><strong>WC ind\u00e9pendant<\/strong><\/li>\n\n\n\n<li><strong>Une terrasse orient\u00e9e Sud-Ouest donnant sur la piscine <\/strong><\/li>\n\n\n\n<li><strong>WIFI gratuite<\/strong><\/li>\n\n\n\n<li><strong>Climatisation<\/strong><\/li>\n<\/ul>\n\n\n\n<p><strong>Le salon et les chambres donnent directement sur la piscine avec acc\u00e8s direct. Le Jardin est am\u00e9nag\u00e9 avec barbecue , table et chaises de jardin et parasol. <\/strong><\/p>\n\n\n\n<p><strong>Au bord de la piscine vous trouverez un salon de jardin ainsi que des transats.<\/strong><\/p>\n\n\n\n<p><strong>A 2 km des plages de la Nartelle et du centre-ville. A 15km de St-Tropez par route. A 3 km de St-Tropez par navette maritime. Pr\u00e8s du golf 18 trous. Pour ce d\u00e9placer bus \u00e0 proximit\u00e9 et bateaux navettes entre Saint Maxime et Saint Tropez. A 2 km du Centre culturel 3 cin\u00e9mas. Animations centre ville tous les soirs avec spectacles plein air gratuits et zone pi\u00e9tonne en saison.<\/strong><\/p>\n\n\n\n<p><strong>C &lsquo;est une villa de d\u00e9tente o\u00f9 vous pourrez le matin petit d\u00e9jeuner au bord de la piscine et le soir d\u00eener sur la terrasse sur fond de soleil couchant. <\/strong><\/p>\n\n\n\nngg_shortcode_0_placeholder\n\n\n\n<h2 class=\"wp-block-heading\">L&rsquo;int\u00e9rieur<\/h2>\n\n\n\nngg_shortcode_1_placeholder\n\n\n\n<h2 class=\"wp-block-heading\">Chambre double<\/h2>\n\n\n\nngg_shortcode_2_placeholder\n\n\n\n<h2 class=\"wp-block-heading\">Chambre deux lits simples<\/h2>\n\n\n\nngg_shortcode_3_placeholder\n","protected":false},"excerpt":{"rendered":"<p>Rez de villa, piscine priv\u00e9e chauff\u00e9e et spa Venez d\u00e9couvrir les paysages extraordinaires du sud en passant vos vacances \u00e0 la villa les Feuillantines.Les Feuillantines c&rsquo;est: Une vue magnifique pour ce rez-de-villa totalement ind\u00e9pendant enti\u00e8rement d\u00e9cor\u00e9 avec go\u00fbt. Piscine privative 9 x 4 m chauff\u00e9e et jacuzzi uniquement pour vous. Le salon et les chambres <a class=\"read-more\" href=\"https:\/\/villalesfeuillantines.com\/\">Read More<\/a><\/p>\n","protected":false},"author":1,"featured_media":87,"parent":0,"menu_order":0,"comment_status":"closed","ping_status":"closed","template":"template-full-width.php","meta":{"ngg_post_thumbnail":0,"footnotes":""},"class_list":["post-81","page","type-page","status-publish","has-post-thumbnail","hentry"],"_links":{"self":[{"href":"https:\/\/villalesfeuillantines.com\/index.php\/wp-json\/wp\/v2\/pages\/81","targetHints":{"allow":["GET"]}}],"collection":[{"href":"https:\/\/villalesfeuillantines.com\/index.php\/wp-json\/wp\/v2\/pages"}],"about":[{"href":"https:\/\/villalesfeuillantines.com\/index.php\/wp-json\/wp\/v2\/types\/page"}],"author":[{"embeddable":true,"href":"https:\/\/villalesfeuillantines.com\/index.php\/wp-json\/wp\/v2\/users\/1"}],"replies":[{"embeddable":true,"href":"https:\/\/villalesfeuillantines.com\/index.php\/wp-json\/wp\/v2\/comments?post=81"}],"version-history":[{"count":34,"href":"https:\/\/villalesfeuillantines.com\/index.php\/wp-json\/wp\/v2\/pages\/81\/revisions"}],"predecessor-version":[{"id":285,"href":"https:\/\/villalesfeuillantines.com\/index.php\/wp-json\/wp\/v2\/pages\/81\/revisions\/285"}],"wp:featuredmedia":[{"embeddable":true,"href":"https:\/\/villalesfeuillantines.com\/index.php\/wp-json\/wp\/v2\/media\/87"}],"wp:attachment":[{"href":"https:\/\/villalesfeuillantines.com\/index.php\/wp-json\/wp\/v2\/media?parent=81"}],"curies":[{"name":"wp","href":"https:\/\/api.w.org\/{rel}","templated":true}]}}

<div class="wp-block-columns is-layout-flex wp-container-core-columns-is-layout-9d6595d7 wp-block-columns-is-layout-flex">
<div class="wp-block-column is-layout-flow wp-block-column-is-layout-flow">
<div class="wp-block-columns is-layout-flex wp-container-core-columns-is-layout-9d6595d7 wp-block-columns-is-layout-flex">
<div class="wp-block-column is-layout-flow wp-block-column-is-layout-flow"></div>



<div class="wp-block-column is-layout-flow wp-block-column-is-layout-flow"></div>
</div>
</div>



<div class="wp-block-column is-layout-flow wp-block-column-is-layout-flow">
<div class="wp-block-columns is-layout-flex wp-container-core-columns-is-layout-9d6595d7 wp-block-columns-is-layout-flex">
<div class="wp-block-column is-layout-flow wp-block-column-is-layout-flow"></div>



<div class="wp-block-column is-layout-flow wp-block-column-is-layout-flow"></div>
</div>
</div>
</div>



<h1 class="wp-block-heading"><strong>Rez de villa, piscine privée chauffée et spa</strong></h1>



<p class="has-text-align-left"><strong>Venez découvrir les paysages extraordinaires du sud en passant vos vacances à la villa les Feuillantines.<br>Les Feuillantines c&rsquo;est:</strong></p>



<p><strong>Une vue magnifique pour ce rez-de-villa totalement indépendant entièrement décoré avec goût. Piscine privative 9 x 4 m chauffée et jacuzzi uniquement pour vous.</strong></p>



<ul class="wp-block-list">
<li><strong>Un rez de villa de plain-pied de 100m²  qui peut accueillir jusqu&rsquo;à 6 personnes.</strong></li>



<li><strong>Piscine 9&#215;4 chauffée du 1er avril au 31 octobre</strong></li>



<li><strong>Jacuzzi  idéal pour admirer le coucher du soleil</strong></li>



<li><strong>Pergola bioclimatique</strong></li>



<li><strong>Une chambre avec un lit double (160&#215;190)</strong></li>



<li><strong>Une chambre avec deux lits simples (90&#215;190)</strong></li>



<li><strong>Un salon, salle à manger avec un canapé convertible en couchage deux personnes (140&#215;190), TV</strong></li>



<li><strong>Une cuisine indépendante, entièrement équipée:<br>four, micro ondes, lave vaisselle, frigo, plaque vitro-céramique.</strong></li>



<li><strong>Salle de douche, lave linge</strong></li>



<li><strong>WC indépendant</strong></li>



<li><strong>Une terrasse orientée Sud-Ouest donnant sur la piscine </strong></li>



<li><strong>WIFI gratuite</strong></li>



<li><strong>Climatisation</strong></li>
</ul>



<p><strong>Le salon et les chambres donnent directement sur la piscine avec accès direct. Le Jardin est aménagé avec barbecue , table et chaises de jardin et parasol. </strong></p>



<p><strong>Au bord de la piscine vous trouverez un salon de jardin ainsi que des transats.</strong></p>



<p><strong>A 2 km des plages de la Nartelle et du centre-ville. A 15km de St-Tropez par route. A 3 km de St-Tropez par navette maritime. Près du golf 18 trous. Pour ce déplacer bus à proximité et bateaux navettes entre Saint Maxime et Saint Tropez. A 2 km du Centre culturel 3 cinémas. Animations centre ville tous les soirs avec spectacles plein air gratuits et zone piétonne en saison.</strong></p>



<p><strong>C &lsquo;est une villa de détente où vous pourrez le matin petit déjeuner au bord de la piscine et le soir dîner sur la terrasse sur fond de soleil couchant. </strong></p>



ngg_shortcode_0_placeholder



<h2 class="wp-block-heading">L&rsquo;intérieur</h2>



ngg_shortcode_1_placeholder



<h2 class="wp-block-heading">Chambre double</h2>



ngg_shortcode_2_placeholder



<h2 class="wp-block-heading">Chambre deux lits simples</h2>



ngg_shortcode_3_placeholder

<p>Rez de villa, piscine privée chauffée et spa Venez découvrir les paysages extraordinaires du sud en passant vos vacances à la villa les Feuillantines.Les Feuillantines c&rsquo;est: Une vue magnifique pour ce rez-de-villa totalement indépendant entièrement décoré avec goût. Piscine privative 9 x 4 m chauffée et jacuzzi uniquement pour vous. Le salon et les chambres <a class="read-more" href="https://villalesfeuillantines.com/">Read More</a></p>
